*3 + 11*o**2 + 9*o - 4. Let u be z(-10). Suppose -66 - 78 = -u*l. Suppose -109 = -k + l. What is the units digit of k?
3
Suppose -9088 = -5*j + 3*h, 6*j - 10*j - 3*h = -7265. Suppose 4*w = -a + j, w = a + 382 + 71. What is the hundreds digit of w?
4
Let a(j) = -16*j**3 - j**2 - 5*j - 5. Suppose t + 22 = -10*t. Let c be (t/4 - 2/4) + -1. What is the tens digit of a(c)?
2
Suppose -236*d = -49*d - 2793978 - 769494. What is the units digit of d?
6
Let r be ((-725)/(-100) + 2/(-8))*-1. Let u = r - -168. What is the hundreds digit of u?
1
Let n(v) = 486*v - 55. What is the units digit of n(10)?
5
Let c(b) = 7*b**3 - 2*b**2 - 4*b + 2. Let w = 63 + -175. Let l = w - -115. What is the tens digit of c(l)?
6
Let u = 22681 - 15652. What is the hundreds digit of u?
0
Suppose 3*w + 5*t = 904, -w - 2*t - 30 = -330. Suppose -2670 = -3*d - l - w, -786 = -d + l. What is the tens digit of d?
8
Suppose -2745 = -5*c - 2*k, 4*c + 0*k + k = 2199. Let o = c + -344. What is the tens digit of (-4 + 3)/((-3)/o)?
6
Let x = 5141 - -53822. What is the tens digit of x?
6
Let s(h) = 3*h**3 + 39*h**2 + 36*h + 258. Let g(u) = 2*u**3 + 19*u**2 + 18*u + 129. Let p(c) = -5*g(c) + 3*s(c). What is the units digit of p(22)?
5
Let u = -127 - 139. Let b = u - -50. What is the tens digit of 4/(-18) - 5448/b?
2
Let d = -37 - -39. Suppose 6 = -2*q - q, -3*s + d*q = 116. Let t = -9 - s. What is the units digit of t?
1
Suppose 13*n - 20*n = -3927. Let v = -50 + n. What is the units digit of v?
1
Let z(h) = 2*h**2 - 287*h - 718. What is the ten thousands digit of z(-113)?
5
Suppose -7*y - 1183 = 2387. Let c = y - -750. What is the units digit of c?
0
Let a = -342 + 586. Suppose 2*q - a = 568. What is the tens digit of q?
0
Let f(c) = -4*c + 4. Let j be f(0). Suppose j*t = 1585 - 605. What is the tens digit of t?
4
Let b(v) = -203*v + 3991. What is the tens digit of b(-34)?
9
Let j be -2 + (68/10)/(4/240). Suppose -f + 12*h = 11*h - j, -2*h = 6. What is the tens digit of f?
0
Suppose 2*b = -5*i - 7564, -5*i + 10*i - 3*b + 7579 = 0. Let v = i + 435. What is the tens digit of (v/39)/(2/(-6))?
8
Suppose 181*t - 653009 = 5751685 + 6075256. What is the units digit of t?
0
Suppose -420439 = -52*a + 252389. What is the thousands digit of a?
2
Suppose -49*z + 50*z = 1. What is the hundreds digit of z + 2 + (-6700)/(-25)?
2
Suppose -52 = -5*q + 53. Suppose 12742 = 44*w - q*w. What is the hundreds digit of w?
5
Suppose -5*y = 2*n - 25350, 2*y - 4*n = 15873 - 5709. What is the thousands digit of y?
5
Suppose 10528402 = 581*k + 230*k. What is the tens digit of k?
8
Let r(i) = 105*i + 2638. What is the hundreds digit of r(56)?
5
Let o(x) = 600*x - 3054. What is the hundreds digit of o(23)?
7
Let f(c) = -c**3 - 12*c**2 - 5*c + 89. What is the thousands digit of f(-17)?
1
Let j(c) = -2*c - 7. Let d be j(-5). Let a(y) = -2*y**3 + 64*y**2 + 63*y + 57. Let n be a(33). What is the tens digit of (-1062)/n - d - 2/7?
2
Let d(u) = u**3 - 17*u**2 + 16*u + 3. Let s be d(16). Suppose 16 + 2 = s*t. What is the hundreds digit of (t - 3) + -1 + 171?
1
Let h(o) = 597*o**2 + 18*o - 132. What is the thousands digit of h(5)?
4
Let s = -558 + 899. Let h = s + -97. What is the units digit of h?
4
Suppose 0 = 9*w + w + 28180. Let y = w - -4157. What is the thousands digit of y?
1
What is the units digit of (159*-1)/(-32 + 29)?
3
Let p(o) = -o**2 + 151*o + 633. What is the tens digit of p(69)?
9
Suppose 2*p - 1744*y + 1741*y = 34270, 2*p = -2*y + 34290. What is the tens digit of p?
4
What is the hundreds digit of (-5341)/(-245) + -22 - (98632/(-10) + 1)?
8
Suppose 25 = -4*c + 5*c - 4*y, -c + 2*y = -19. Suppose c*s - 8*s - 3*t = 8255, -3*t = s - 1633. What is the hundreds digit of s?
6
Let q be ((-2)/42 - (-26)/(-91))*-15. Suppose 0 = q*r + 5*z - 4*z - 2050, 4*r - 2*z - 1654 = 0. What is the hundreds digit of r?
4
Suppose -4*v = -4, -v - 23 = -3*n + 5*n. Let r be 134 + -68 + (n/(-2))/(-2). What is the tens digit of (-4*(-6)/8)/(3/r)?
6
Let p(a) = 1834*a + 669. What is the ten thousands digit of p(9)?
1
Suppose -c - 26091 = -v, 6*v - 5*c = 2*v + 104363. What is the units digit of v?
2
Let a(j) = j**3 - 54*j**2 - 533*j + 13. What is the hundreds digit of a(65)?
8
Suppose -2*x = 2*q - 16, 4*x - 12 = 4. Let b be (-10)/(-1) - (-15)/(-3). Suppose -b*w + 395 = -q*r, -5*w + r + 7 = -373. What is the tens digit of w?
7
Let n be 4 - (-1)/(1 - 3/4). Suppose -n*a - 11 = -35. Let r(o) = o**3 + 3*o**2 + 6*o - 5. What is the units digit of r(a)?
7
Let o(h) = -h**2 + 25*h + 96. Let g = 441 + -416. What is the tens digit of o(g)?
9
Let m = -70 - -149. Let i = m + -91. Let g(k) = -k**3 - 12*k**2 + k + 23. What is the units digit of g(i)?
1
Let x(a) = 2*a**2 - a - 4. Let p(j) = j**3 + 18*j**2 + 2. Let h be p(-18). Let m be x(h). Suppose m*o + o - 3 = 0. What is the units digit of o?
1
Suppose 4*o = -5*l + 16678, l = -2*o + 7073 + 1269. What is the hundreds digit of o?
1
Let i(g) = g**3 - g**2 - 12*g + 3. Let u be i(4). Suppose -282 = -u*v + 1158. What is the units digit of v?
0
Let x = -207 + 81. Let u = x - -214. What is the units digit of u?
8
Suppose -135086 = -4*k + 65458. What is the thousands digit of k?
0
Let s be ((-38)/(-4))/((-2)/12). Let k = s + 143. Let l = k - -40. What is the hundreds digit of l?
1
Suppose -4*s = 8, -3*k - 1225 = -2*s + 2608. Let y = k - -2141. Suppose -5*h - 257 + y = 0. What is the units digit of h?
1
Suppose 0 = -3*t - 2*x + 54721, 2*x + 5426 + 12817 = t. What is the units digit of t?
1
Suppose -5*f - l + 1636 = 0, 4*f - 1296 = -12*l + 8*l. Let i = f - -906. What is the thousands digit of i?
1
Let b(c) = 4*c**2 + 11*c - 11. Suppose 0 = 4*u + 31 - 7. What is the units digit of b(u)?
7
Let u(r) = -1030*r - 1105. What is the thousands digit of u(-12)?
1
Suppose -36*y + 462564 = 116*y - 44*y. What is the tens digit of y?
8
Let q = 50253 - 29766. What is the thousands digit of q?
0
Suppose 4*a = -q + 5675, -12*q + 11*q - a + 5678 = 0. What is the thousands digit of q?
5
Let w(v) = 12*v**2 - 3*v + 2. Let c(k) = 8*k - 25. Let y be c(15). Let h = y + -90. What is the hundreds digit of w(h)?
2
Let a = -378 + 413. Let t = a - -68. What is the units digit of t?
3
Let y(v) = 2*v - 18. Let z be y(9). Let g be (-4)/10 + 162/30. Suppose 0 = -3*d + g*w + 214, -d + z = 5*w - 58. What is the units digit of d?
8
Suppose 142 - 4608 = 22*x. Let f = 184 - x. What is the units digit of f?
7
Suppose 0 = -3*y + q + 14078, y - 4698 = -102*q + 105*q. What is the thousands digit of y?
4
Let n = 581 + 19812. What is the ten thousands digit of n?
2
What is the ten thousands digit of ((-7140)/306)/(22992/(-11493) + 2)?
4
Let b = -620 + 192. Let d = -230 - b. Let v = 389 - d. What is the hundreds digit of v?
1
Let h = 269 + -265. Suppose -h*s = 5*r - 2453, -3*s = -r + 2*s + 508. What is the units digit of r?
3
Let c = -30 + 33. Let s(r) = -r + 11*r**2 - r**3 + 7 - 8 + 14 + 2*r**c. What is the hundreds digit of s(-10)?
1
Let u(o) = 22*o + 10. Suppose 2*t + 0*t = 3*q - 10, 0 = -t + 5*q - 19. Let s(j) = 5*j - 2. Let m be s(t). What is the tens digit of u(m)?
7
Suppose -3*x + n = -0*x + 39, -3*n - 3 = x. Let a be (-114)/x*2*(-16)/(-2). What is the units digit of a/(-5)*(-20)/8?
6
Suppose -9*l = -16*l + 77. Suppose 584 = l*o - 3*o. What is the tens digit of o?
7
Suppose 0 = -5*j + 6*t + 29682, -5*t - 11878 = -10*j + 8*j. What is the units digit of j?
4
Suppose -5*b - 1 + 16 = 5*w, 12 = 4*w. Let u be (7/(7/192))/1. Suppose -3*t - 3*r + u = b, -35 = -t + 5*r + 11. What is the units digit of t?
1
Let p = -691 - -711. Let i(k) = 2*k**2 + 24*k - 361. What is the tens digit of i(p)?
1
Let a(s) = -495*s - 12. Let x be a(4). Let j be 9/(-15) - x/20. Let d = 166 - j. What is the tens digit of d?
6
Suppose -4834 = -2*u + 28618 + 15998. What is the hundreds digit of u?
7
Suppose 3*w - 104 = -5*w. Suppose 2*b - w = -9. Suppose -b*z + 6*z - 60 = 0. What is the units digit of z?
5
What is the units digit of (-48)/64 - (-446724)/48?
6
Let i be (2 - 2)/(-5*1/(-5)). Suppose i*k + 2*m + 666 = 2*k, 5*k = -2*m + 1672. What is the hundreds digit of k?
3
Let j(t) = -12*t**2 - 4. Let a(r) = 23*r**2 + 9. Let g(q) = -2*a(q) - 5*j(q). Let w be g(-2). Let v = w - -66. What is the hundreds digit of v?
1
Let a be (-38)/(-152) - (-126)/8. Suppose -a*i = -3607 - 2025. What i